{"id":521,"date":"2025-08-04T16:42:14","date_gmt":"2025-08-04T16:42:14","guid":{"rendered":"https:\/\/nacrestudio.es\/qui-som\/"},"modified":"2025-12-04T15:23:21","modified_gmt":"2025-12-04T15:23:21","slug":"qui-som","status":"publish","type":"page","link":"https:\/\/nacrestudio.es\/ca\/qui-som\/","title":{"rendered":"Qui som"},"content":{"rendered":"<p>[et_pb_section fb_built=&#8221;1&#8243; _builder_version=&#8221;4.27.4&#8243; _module_preset=&#8221;default&#8221; background_color=&#8221;#FFFFFF&#8221; background_enable_image=&#8221;off&#8221; custom_padding=&#8221;76px||76px||true|&#8221; box_shadow_style=&#8221;preset3&#8243; box_shadow_horizontal=&#8221;-4px&#8221; box_shadow_vertical=&#8221;-1px&#8221; global_colors_info=&#8221;{}&#8221;][et_pb_row column_structure=&#8221;2_3,1_3&#8243; _builder_version=&#8221;4.27.4&#8243; _module_preset=&#8221;default&#8221; global_colors_info=&#8221;{}&#8221;][et_pb_column type=&#8221;2_3&#8243; _builder_version=&#8221;4.27.4&#8243; _module_preset=&#8221;default&#8221; global_colors_info=&#8221;{}&#8221;][et_pb_text _builder_version=&#8221;4.27.4&#8243; _module_preset=&#8221;default&#8221; text_font=&#8221;Ruda||||||||&#8221; text_text_color=&#8221;#B3B49D&#8221; text_font_size=&#8221;19px&#8221; header_font=&#8221;maleah|&#8211;et_global_body_font_weight||on|||||&#8221; header_text_color=&#8221;#4D4545&#8243; header_font_size=&#8221;89px&#8221; header_letter_spacing=&#8221;5px&#8221; header_line_height=&#8221;0.8em&#8221; header_2_font=&#8221;maleah||||||||&#8221; header_2_font_size=&#8221;39px&#8221; header_2_letter_spacing=&#8221;8px&#8221; hover_enabled=&#8221;0&#8243; global_colors_info=&#8221;{}&#8221; sticky_enabled=&#8221;0&#8243;]<\/p>\n<h1>Maria<\/h1>\n<h1>Cristina<\/h1>\n<p>Graduada en Publicitat i Relacions P\u00fabliques<\/p>\n<p>[\/et_pb_text][\/et_pb_column][et_pb_column type=&#8221;1_3&#8243; _builder_version=&#8221;4.27.4&#8243; _module_preset=&#8221;default&#8221; global_colors_info=&#8221;{}&#8221;][et_pb_image src=&#8221;https:\/\/nacrestudio.es\/wp-content\/uploads\/2025\/09\/IMG_8741-1.jpg&#8221; title_text=&#8221;nacre-studio-maria-cristina&#8221; _builder_version=&#8221;4.27.4&#8243; _module_preset=&#8221;default&#8221; custom_margin=&#8221;-26px|||||&#8221; border_radii=&#8221;on|28px|28px|28px|28px&#8221; box_shadow_style=&#8221;preset3&#8243; global_colors_info=&#8221;{}&#8221;][\/et_pb_image][\/et_pb_column][\/et_pb_row][\/et_pb_section][et_pb_section fb_built=&#8221;1&#8243; _builder_version=&#8221;4.27.4&#8243; _module_preset=&#8221;default&#8221; global_colors_info=&#8221;{}&#8221;][et_pb_row column_structure=&#8221;1_2,1_2&#8243; _builder_version=&#8221;4.27.4&#8243; _module_preset=&#8221;default&#8221; global_colors_info=&#8221;{}&#8221;][et_pb_column type=&#8221;1_2&#8243; _builder_version=&#8221;4.27.4&#8243; _module_preset=&#8221;default&#8221; global_colors_info=&#8221;{}&#8221;][et_pb_image src=&#8221;https:\/\/nacrestudio.es\/wp-content\/uploads\/2025\/09\/maria-cristina-nacre-studio-web.png&#8221; title_text=&#8221;maria-cristina-nacre-studio-web&#8221; _builder_version=&#8221;4.27.4&#8243; _module_preset=&#8221;default&#8221; border_radii=&#8221;on|14px|14px|14px|14px&#8221; global_colors_info=&#8221;{}&#8221;][\/et_pb_image][\/et_pb_column][et_pb_column type=&#8221;1_2&#8243; _builder_version=&#8221;4.27.4&#8243; _module_preset=&#8221;default&#8221; global_colors_info=&#8221;{}&#8221;][et_pb_text _builder_version=&#8221;4.27.4&#8243; _module_preset=&#8221;default&#8221; text_font=&#8221;Ruda||||||||&#8221; header_2_font=&#8221;maleah||||||||&#8221; header_2_text_color=&#8221;#4D4545&#8243; header_2_font_size=&#8221;50px&#8221; custom_margin=&#8221;361px|||||&#8221; hover_enabled=&#8221;0&#8243; global_colors_info=&#8221;{}&#8221; sticky_enabled=&#8221;0&#8243;]<\/p>\n<h2>Publicista<\/h2>\n<p>Amant de qualsevol color, d&#8217;all\u00f2 m\u00e9s natural, de les ess\u00e8ncies pures, verdaderes. Col\u00b7leccionista de moments, de pauses i vides. Admiradora del silenci, d&#8217;all\u00f2 m\u00e9s \u00edntim, de la capacitat d&#8217;escoltar.  <\/p>\n<p>Benvingut\/da a un espai proper i sincer.<\/p>\n<p>[\/et_pb_text][et_pb_button button_text=&#8221;Blog personal&#8221; _builder_version=&#8221;4.27.4&#8243; _module_preset=&#8221;default&#8221; custom_button=&#8221;on&#8221; button_text_size=&#8221;18px&#8221; button_text_color=&#8221;#FFFFFF&#8221; button_bg_color=&#8221;#4D4545&#8243; button_border_width=&#8221;2px&#8221; button_border_color=&#8221;#4D4545&#8243; button_border_radius=&#8221;7px&#8221; button_font=&#8221;Ruda||||||||&#8221; button_icon=&#8221;&#x35;||divi||400&#8243; button_icon_color=&#8221;#FFFFFF&#8221; hover_enabled=&#8221;0&#8243; global_colors_info=&#8221;{}&#8221; sticky_enabled=&#8221;0&#8243;][\/et_pb_button][\/et_pb_column][\/et_pb_row][\/et_pb_section][et_pb_section fb_built=&#8221;1&#8243; _builder_version=&#8221;4.27.4&#8243; _module_preset=&#8221;default&#8221; background_color=&#8221;rgba(229,219,211,0.38)&#8221; global_colors_info=&#8221;{}&#8221;][et_pb_row column_structure=&#8221;1_2,1_4,1_4&#8243; _builder_version=&#8221;4.27.4&#8243; _module_preset=&#8221;default&#8221; global_colors_info=&#8221;{}&#8221;][et_pb_column type=&#8221;1_2&#8243; _builder_version=&#8221;4.27.4&#8243; _module_preset=&#8221;default&#8221; global_colors_info=&#8221;{}&#8221;][et_pb_text _builder_version=&#8221;4.27.4&#8243; _module_preset=&#8221;default&#8221; text_font=&#8221;maleah||||||||&#8221; text_text_color=&#8221;#4D4545&#8243; text_font_size=&#8221;54px&#8221; text_line_height=&#8221;1.1em&#8221; custom_margin=&#8221;||13px|||&#8221; global_colors_info=&#8221;{}&#8221;]<\/p>\n<p style=\"text-align: left;\">&#8220;Todo comportamiento tiene valor comunicativo, incluso el silencio&#8221;<\/p>\n<p>[\/et_pb_text][et_pb_text _builder_version=&#8221;4.27.4&#8243; _module_preset=&#8221;default&#8221; text_font=&#8221;Ruda||||||||&#8221; text_text_color=&#8221;#B3B49D&#8221; text_font_size=&#8221;20px&#8221; hover_enabled=&#8221;0&#8243; global_colors_info=&#8221;{}&#8221; sticky_enabled=&#8221;0&#8243;]<\/p>\n<p>Principi fonamental de la comunicaci\u00f3<\/p>\n<p>[\/et_pb_text][\/et_pb_column][et_pb_column type=&#8221;1_4&#8243; _builder_version=&#8221;4.27.4&#8243; _module_preset=&#8221;default&#8221; global_colors_info=&#8221;{}&#8221;][et_pb_image src=&#8221;https:\/\/nacrestudio.es\/wp-content\/uploads\/2025\/09\/mcristina-nacre-studio.png&#8221; title_text=&#8221;mcristina-nacre-studio&#8221; _builder_version=&#8221;4.27.4&#8243; _module_preset=&#8221;default&#8221; global_colors_info=&#8221;{}&#8221;][\/et_pb_image][\/et_pb_column][et_pb_column type=&#8221;1_4&#8243; _builder_version=&#8221;4.27.4&#8243; _module_preset=&#8221;default&#8221; global_colors_info=&#8221;{}&#8221;][et_pb_image src=&#8221;https:\/\/nacrestudio.es\/wp-content\/uploads\/2025\/09\/nacre-studio-web-1.png&#8221; title_text=&#8221;nacre-studio-web&#8221; _builder_version=&#8221;4.27.4&#8243; _module_preset=&#8221;default&#8221; global_colors_info=&#8221;{}&#8221;][\/et_pb_image][\/et_pb_column][\/et_pb_row][\/et_pb_section][et_pb_section fb_built=&#8221;1&#8243; _builder_version=&#8221;4.27.4&#8243; _module_preset=&#8221;default&#8221; background_color=&#8221;#FFFFFF&#8221; global_colors_info=&#8221;{}&#8221;][et_pb_row column_structure=&#8221;3_5,2_5&#8243; _builder_version=&#8221;4.27.4&#8243; _module_preset=&#8221;default&#8221; global_colors_info=&#8221;{}&#8221;][et_pb_column type=&#8221;3_5&#8243; _builder_version=&#8221;4.27.4&#8243; _module_preset=&#8221;default&#8221; global_colors_info=&#8221;{}&#8221;][et_pb_image src=&#8221;https:\/\/nacrestudio.es\/wp-content\/uploads\/2025\/09\/Copia-de-Nacre-studio-web-.png&#8221; title_text=&#8221;nacre-studio&#8221; _builder_version=&#8221;4.27.4&#8243; _module_preset=&#8221;default&#8221; background_enable_color=&#8221;off&#8221; width=&#8221;88%&#8221; border_radii=&#8221;on|18px|18px|18px|18px&#8221; global_colors_info=&#8221;{}&#8221;][\/et_pb_image][\/et_pb_column][et_pb_column type=&#8221;2_5&#8243; _builder_version=&#8221;4.27.4&#8243; _module_preset=&#8221;default&#8221; global_colors_info=&#8221;{}&#8221;][et_pb_text _builder_version=&#8221;4.27.4&#8243; _module_preset=&#8221;default&#8221; text_font=&#8221;Ruda||||||||&#8221; text_text_color=&#8221;#4D4545&#8243; custom_margin=&#8221;204px|||-72px|false|false&#8221; hover_enabled=&#8221;0&#8243; global_colors_info=&#8221;{}&#8221; sticky_enabled=&#8221;0&#8243; header_2_font_size=&#8221;39px&#8221;]<\/p>\n<h2>Publicitat i Relacions P\u00fabliques<\/h2>\n<p>[\/et_pb_text][et_pb_text _builder_version=&#8221;4.27.4&#8243; _module_preset=&#8221;default&#8221; text_font=&#8221;Ruda||||||||&#8221; text_text_color=&#8221;#4D4545&#8243; custom_margin=&#8221;-4px|||-72px|false|false&#8221; hover_enabled=&#8221;0&#8243; global_colors_info=&#8221;{}&#8221; sticky_enabled=&#8221;0&#8243;]<\/p>\n<p>Quan vaig acabat batxillerat, vaig tenir la necessitat d&#8217;estudiar a fora, d&#8217;allunyar-me del que m\u00e9s estim per tornar valorant molt m\u00e9s el que sempre he tengut. Vaig acabar a Girona, una ciutat encantadora.  <\/p>\n<p>All\u00e0 vaig descobrir que m&#8217;encanta passar temps tota sola i que Mallorca me fa molta falta. Me vaig fer amant del yoga i me vaig graduar en Publicitat i Relacions P\u00fabliques.  <\/p>\n<p>Encara que m&#8217;encantava viure a fora, tenia la necessitat de tornar a casa. Tornant com una persona completament diferents a sa que se&#8217;n va anar. <\/p>\n<p>A Mallorca he tengut la sort de fer feina a dues ag\u00e8ncies de publicitat i esdeveniments abans de comen\u00e7ar aquesta nova aventura. <\/p>\n<p>Desitjant viure aquest nou cap\u00edtol. T&#8217;apuntes? <\/p>\n<p>[\/et_pb_text][\/et_pb_column][\/et_pb_row][\/et_pb_section]<\/p>\n","protected":false},"excerpt":{"rendered":"<p>Maria Cristina Graduada en Publicitat i Relacions P\u00fabliquesPublicista Amant de qualsevol color, d&#8217;all\u00f2 m\u00e9s natural, de les ess\u00e8ncies pures, verdaderes. Col\u00b7leccionista de moments, de pauses i vides. Admiradora del silenci, d&#8217;all\u00f2 m\u00e9s \u00edntim, de la capacitat d&#8217;escoltar. Benvingut\/da a un espai proper i sincer.&#8221;Todo comportamiento tiene valor comunicativo, incluso el silencio&#8221;Principi fonamental de la comunicaci\u00f3Publicitat [&hellip;]<\/p>\n","protected":false},"author":1,"featured_media":0,"parent":0,"menu_order":0,"comment_status":"closed","ping_status":"closed","template":"","meta":{"_et_pb_use_builder":"on","_et_pb_old_content":"","_et_gb_content_width":"","footnotes":""},"class_list":["post-521","page","type-page","status-publish","hentry"],"jetpack_sharing_enabled":true,"_links":{"self":[{"href":"https:\/\/nacrestudio.es\/ca\/wp-json\/wp\/v2\/pages\/521","targetHints":{"allow":["GET"]}}],"collection":[{"href":"https:\/\/nacrestudio.es\/ca\/wp-json\/wp\/v2\/pages"}],"about":[{"href":"https:\/\/nacrestudio.es\/ca\/wp-json\/wp\/v2\/types\/page"}],"author":[{"embeddable":true,"href":"https:\/\/nacrestudio.es\/ca\/wp-json\/wp\/v2\/users\/1"}],"replies":[{"embeddable":true,"href":"https:\/\/nacrestudio.es\/ca\/wp-json\/wp\/v2\/comments?post=521"}],"version-history":[{"count":2,"href":"https:\/\/nacrestudio.es\/ca\/wp-json\/wp\/v2\/pages\/521\/revisions"}],"predecessor-version":[{"id":523,"href":"https:\/\/nacrestudio.es\/ca\/wp-json\/wp\/v2\/pages\/521\/revisions\/523"}],"wp:attachment":[{"href":"https:\/\/nacrestudio.es\/ca\/wp-json\/wp\/v2\/media?parent=521"}],"curies":[{"name":"wp","href":"https:\/\/api.w.org\/{rel}","templated":true}]}}

<p>[et_pb_section fb_built=&#8221;1&#8243; _builder_version=&#8221;4.27.4&#8243; _module_preset=&#8221;default&#8221; background_color=&#8221;#FFFFFF&#8221; background_enable_image=&#8221;off&#8221; custom_padding=&#8221;76px||76px||true|&#8221; box_shadow_style=&#8221;preset3&#8243; box_shadow_horizontal=&#8221;-4px&#8221; box_shadow_vertical=&#8221;-1px&#8221; global_colors_info=&#8221;{}&#8221;][et_pb_row column_structure=&#8221;2_3,1_3&#8243; _builder_version=&#8221;4.27.4&#8243; _module_preset=&#8221;default&#8221; global_colors_info=&#8221;{}&#8221;][et_pb_column type=&#8221;2_3&#8243; _builder_version=&#8221;4.27.4&#8243; _module_preset=&#8221;default&#8221; global_colors_info=&#8221;{}&#8221;][et_pb_text _builder_version=&#8221;4.27.4&#8243; _module_preset=&#8221;default&#8221; text_font=&#8221;Ruda||||||||&#8221; text_text_color=&#8221;#B3B49D&#8221; text_font_size=&#8221;19px&#8221; header_font=&#8221;maleah|&#8211;et_global_body_font_weight||on|||||&#8221; header_text_color=&#8221;#4D4545&#8243; header_font_size=&#8221;89px&#8221; header_letter_spacing=&#8221;5px&#8221; header_line_height=&#8221;0.8em&#8221; header_2_font=&#8221;maleah||||||||&#8221; header_2_font_size=&#8221;39px&#8221; header_2_letter_spacing=&#8221;8px&#8221; hover_enabled=&#8221;0&#8243; global_colors_info=&#8221;{}&#8221; sticky_enabled=&#8221;0&#8243;]</p>
<h1>Maria</h1>
<h1>Cristina</h1>
<p>Graduada en Publicitat i Relacions Públiques</p>
<p>[/et_pb_text][/et_pb_column][et_pb_column type=&#8221;1_3&#8243; _builder_version=&#8221;4.27.4&#8243; _module_preset=&#8221;default&#8221; global_colors_info=&#8221;{}&#8221;][et_pb_image src=&#8221;https://nacrestudio.es/wp-content/uploads/2025/09/IMG_8741-1.jpg&#8221; title_text=&#8221;nacre-studio-maria-cristina&#8221; _builder_version=&#8221;4.27.4&#8243; _module_preset=&#8221;default&#8221; custom_margin=&#8221;-26px|||||&#8221; border_radii=&#8221;on|28px|28px|28px|28px&#8221; box_shadow_style=&#8221;preset3&#8243; global_colors_info=&#8221;{}&#8221;][/et_pb_image][/et_pb_column][/et_pb_row][/et_pb_section][et_pb_section fb_built=&#8221;1&#8243; _builder_version=&#8221;4.27.4&#8243; _module_preset=&#8221;default&#8221; global_colors_info=&#8221;{}&#8221;][et_pb_row column_structure=&#8221;1_2,1_2&#8243; _builder_version=&#8221;4.27.4&#8243; _module_preset=&#8221;default&#8221; global_colors_info=&#8221;{}&#8221;][et_pb_column type=&#8221;1_2&#8243; _builder_version=&#8221;4.27.4&#8243; _module_preset=&#8221;default&#8221; global_colors_info=&#8221;{}&#8221;][et_pb_image src=&#8221;https://nacrestudio.es/wp-content/uploads/2025/09/maria-cristina-nacre-studio-web.png&#8221; title_text=&#8221;maria-cristina-nacre-studio-web&#8221; _builder_version=&#8221;4.27.4&#8243; _module_preset=&#8221;default&#8221; border_radii=&#8221;on|14px|14px|14px|14px&#8221; global_colors_info=&#8221;{}&#8221;][/et_pb_image][/et_pb_column][et_pb_column type=&#8221;1_2&#8243; _builder_version=&#8221;4.27.4&#8243; _module_preset=&#8221;default&#8221; global_colors_info=&#8221;{}&#8221;][et_pb_text _builder_version=&#8221;4.27.4&#8243; _module_preset=&#8221;default&#8221; text_font=&#8221;Ruda||||||||&#8221; header_2_font=&#8221;maleah||||||||&#8221; header_2_text_color=&#8221;#4D4545&#8243; header_2_font_size=&#8221;50px&#8221; custom_margin=&#8221;361px|||||&#8221; hover_enabled=&#8221;0&#8243; global_colors_info=&#8221;{}&#8221; sticky_enabled=&#8221;0&#8243;]</p>
<h2>Publicista</h2>
<p>Amant de qualsevol color, d&#8217;allò més natural, de les essències pures, verdaderes. Col·leccionista de moments, de pauses i vides. Admiradora del silenci, d&#8217;allò més íntim, de la capacitat d&#8217;escoltar.  </p>
<p>Benvingut/da a un espai proper i sincer.</p>
<p>[/et_pb_text][et_pb_button button_text=&#8221;Blog personal&#8221; _builder_version=&#8221;4.27.4&#8243; _module_preset=&#8221;default&#8221; custom_button=&#8221;on&#8221; button_text_size=&#8221;18px&#8221; button_text_color=&#8221;#FFFFFF&#8221; button_bg_color=&#8221;#4D4545&#8243; button_border_width=&#8221;2px&#8221; button_border_color=&#8221;#4D4545&#8243; button_border_radius=&#8221;7px&#8221; button_font=&#8221;Ruda||||||||&#8221; button_icon=&#8221;&#x35;||divi||400&#8243; button_icon_color=&#8221;#FFFFFF&#8221; hover_enabled=&#8221;0&#8243; global_colors_info=&#8221;{}&#8221; sticky_enabled=&#8221;0&#8243;][/et_pb_button][/et_pb_column][/et_pb_row][/et_pb_section][et_pb_section fb_built=&#8221;1&#8243; _builder_version=&#8221;4.27.4&#8243; _module_preset=&#8221;default&#8221; background_color=&#8221;rgba(229,219,211,0.38)&#8221; global_colors_info=&#8221;{}&#8221;][et_pb_row column_structure=&#8221;1_2,1_4,1_4&#8243; _builder_version=&#8221;4.27.4&#8243; _module_preset=&#8221;default&#8221; global_colors_info=&#8221;{}&#8221;][et_pb_column type=&#8221;1_2&#8243; _builder_version=&#8221;4.27.4&#8243; _module_preset=&#8221;default&#8221; global_colors_info=&#8221;{}&#8221;][et_pb_text _builder_version=&#8221;4.27.4&#8243; _module_preset=&#8221;default&#8221; text_font=&#8221;maleah||||||||&#8221; text_text_color=&#8221;#4D4545&#8243; text_font_size=&#8221;54px&#8221; text_line_height=&#8221;1.1em&#8221; custom_margin=&#8221;||13px|||&#8221; global_colors_info=&#8221;{}&#8221;]</p>
<p style="text-align: left;">&#8220;Todo comportamiento tiene valor comunicativo, incluso el silencio&#8221;</p>
<p>[/et_pb_text][et_pb_text _builder_version=&#8221;4.27.4&#8243; _module_preset=&#8221;default&#8221; text_font=&#8221;Ruda||||||||&#8221; text_text_color=&#8221;#B3B49D&#8221; text_font_size=&#8221;20px&#8221; hover_enabled=&#8221;0&#8243; global_colors_info=&#8221;{}&#8221; sticky_enabled=&#8221;0&#8243;]</p>
<p>Principi fonamental de la comunicació</p>
<p>[/et_pb_text][/et_pb_column][et_pb_column type=&#8221;1_4&#8243; _builder_version=&#8221;4.27.4&#8243; _module_preset=&#8221;default&#8221; global_colors_info=&#8221;{}&#8221;][et_pb_image src=&#8221;https://nacrestudio.es/wp-content/uploads/2025/09/mcristina-nacre-studio.png&#8221; title_text=&#8221;mcristina-nacre-studio&#8221; _builder_version=&#8221;4.27.4&#8243; _module_preset=&#8221;default&#8221; global_colors_info=&#8221;{}&#8221;][/et_pb_image][/et_pb_column][et_pb_column type=&#8221;1_4&#8243; _builder_version=&#8221;4.27.4&#8243; _module_preset=&#8221;default&#8221; global_colors_info=&#8221;{}&#8221;][et_pb_image src=&#8221;https://nacrestudio.es/wp-content/uploads/2025/09/nacre-studio-web-1.png&#8221; title_text=&#8221;nacre-studio-web&#8221; _builder_version=&#8221;4.27.4&#8243; _module_preset=&#8221;default&#8221; global_colors_info=&#8221;{}&#8221;][/et_pb_image][/et_pb_column][/et_pb_row][/et_pb_section][et_pb_section fb_built=&#8221;1&#8243; _builder_version=&#8221;4.27.4&#8243; _module_preset=&#8221;default&#8221; background_color=&#8221;#FFFFFF&#8221; global_colors_info=&#8221;{}&#8221;][et_pb_row column_structure=&#8221;3_5,2_5&#8243; _builder_version=&#8221;4.27.4&#8243; _module_preset=&#8221;default&#8221; global_colors_info=&#8221;{}&#8221;][et_pb_column type=&#8221;3_5&#8243; _builder_version=&#8221;4.27.4&#8243; _module_preset=&#8221;default&#8221; global_colors_info=&#8221;{}&#8221;][et_pb_image src=&#8221;https://nacrestudio.es/wp-content/uploads/2025/09/Copia-de-Nacre-studio-web-.png&#8221; title_text=&#8221;nacre-studio&#8221; _builder_version=&#8221;4.27.4&#8243; _module_preset=&#8221;default&#8221; background_enable_color=&#8221;off&#8221; width=&#8221;88%&#8221; border_radii=&#8221;on|18px|18px|18px|18px&#8221; global_colors_info=&#8221;{}&#8221;][/et_pb_image][/et_pb_column][et_pb_column type=&#8221;2_5&#8243; _builder_version=&#8221;4.27.4&#8243; _module_preset=&#8221;default&#8221; global_colors_info=&#8221;{}&#8221;][et_pb_text _builder_version=&#8221;4.27.4&#8243; _module_preset=&#8221;default&#8221; text_font=&#8221;Ruda||||||||&#8221; text_text_color=&#8221;#4D4545&#8243; custom_margin=&#8221;204px|||-72px|false|false&#8221; hover_enabled=&#8221;0&#8243; global_colors_info=&#8221;{}&#8221; sticky_enabled=&#8221;0&#8243; header_2_font_size=&#8221;39px&#8221;]</p>
<h2>Publicitat i Relacions Públiques</h2>
<p>[/et_pb_text][et_pb_text _builder_version=&#8221;4.27.4&#8243; _module_preset=&#8221;default&#8221; text_font=&#8221;Ruda||||||||&#8221; text_text_color=&#8221;#4D4545&#8243; custom_margin=&#8221;-4px|||-72px|false|false&#8221; hover_enabled=&#8221;0&#8243; global_colors_info=&#8221;{}&#8221; sticky_enabled=&#8221;0&#8243;]</p>
<p>Quan vaig acabat batxillerat, vaig tenir la necessitat d&#8217;estudiar a fora, d&#8217;allunyar-me del que més estim per tornar valorant molt més el que sempre he tengut. Vaig acabar a Girona, una ciutat encantadora.  </p>
<p>Allà vaig descobrir que m&#8217;encanta passar temps tota sola i que Mallorca me fa molta falta. Me vaig fer amant del yoga i me vaig graduar en Publicitat i Relacions Públiques.  </p>
<p>Encara que m&#8217;encantava viure a fora, tenia la necessitat de tornar a casa. Tornant com una persona completament diferents a sa que se&#8217;n va anar. </p>
<p>A Mallorca he tengut la sort de fer feina a dues agències de publicitat i esdeveniments abans de començar aquesta nova aventura. </p>
<p>Desitjant viure aquest nou capítol. T&#8217;apuntes? </p>
<p>[/et_pb_text][/et_pb_column][/et_pb_row][/et_pb_section]</p>

<p>Maria Cristina Graduada en Publicitat i Relacions PúbliquesPublicista Amant de qualsevol color, d&#8217;allò més natural, de les essències pures, verdaderes. Col·leccionista de moments, de pauses i vides. Admiradora del silenci, d&#8217;allò més íntim, de la capacitat d&#8217;escoltar. Benvingut/da a un espai proper i sincer.&#8221;Todo comportamiento tiene valor comunicativo, incluso el silencio&#8221;Principi fonamental de la comunicacióPublicitat [&hellip;]</p>
